*s - 6, -4893 = -450*y + 447*y + s. What is the units digit of y?
2
Let m = -18943 - -23492. What is the thousands digit of m?
4
Suppose 28*h = 23*h + 4*z + 34119, 0 = h - z - 6823. What is the units digit of h?
7
Suppose 2253*p - 2234*p - 535040 = 0. What is the hundreds digit of p?
1
Let l(k) be the second derivative of -k**5/20 - 5*k**4/4 + k**3/6 - 6*k**2 + 2*k - 10. Let p be ((-48)/(-10))/((-3)/10). What is the units digit of l(p)?
8
Let h be (-9)/630*7*-50. Let p(n) = 152*n - 4. Let m be p(3). Suppose -f = -h*f + m. What is the units digit of f?
3
Let w(x) = -4*x**2 + 99*x + 29. Let y be w(25). Suppose y*s = 3*b - 1361, -3*s - 2*s - 1363 = -3*b. What is the tens digit of b?
5
Suppose 937 = -6*h - 1007. What is the tens digit of 2/((-54)/(-30693)) - 72/h?
3
Suppose 0 = 3*k - r - 142979, 44*k - 40*k + 4*r - 190644 = 0. What is the tens digit of k?
6
Let t be 1737*(-1)/(-3)*(-4)/4. Let d = -35 - t. What is the hundreds digit of d?
5
Suppose 7*r + 37 = -145. What is the thousands digit of r/(-6)*474/2?
1
Suppose -15*d - d + 7664 = 0. Let i = d + 201. What is the tens digit of i?
8
Let b(h) = -64*h**2 + 2. Let n be b(-1). Let q = n + 58. What is the hundreds digit of -2*(-70 + 3) - q?
1
Suppose -16 = 4*s, -x + 5*s + 21 - 1 = 0. Suppose 746 = 4*y - 2*q, 0 = -2*y - x*q - q + 375. What is the units digit of y?
7
Suppose u + 31 = 5*b, 4*u + 2*b - 3*b = -29. Let p be (0 - 3) + (0/(-4))/u. Let n(k) = -21*k - 20. What is the units digit of n(p)?
3
Suppose 98*g = -88*g + 1213891 + 4836503. What is the tens digit of g?
2
Let t(o) = 5*o**2 + 3*o + 4. Let a be t(-1). Suppose -548 + 2192 = a*s. Suppose 3*h + g = -h + s, 3*g = 5*h - 334. What is the units digit of h?
8
Let h(i) = i**3 - 29*i**2 - 63*i + 13. Let j be h(31). What is the units digit of (0 - (-9)/(-6))*492/j?
1
Suppose 5*t - 13 = j, -4*t + 6*j + 4 = 2*j. Suppose 5*v - 20 - 151 = 3*d, t*d = -6. What is the units digit of v?
3
Let i = 208 - 134. Suppose -15*k - 2862 = 11*k + 80*k. Let y = i + k. What is the tens digit of y?
4
Let n(f) = f**3 + 6*f**2 + 13*f + 23. Let r be n(-4). Suppose -s + 950 = -3*j, -1942 - 896 = -3*s + r*j. What is the units digit of s?
4
Let v(w) = -w**2 - 10*w - 32. Suppose -5*o + 8*o + 61 = 4*i, -5*i + 79 = -o. Let y be v(i). Let r = 714 + y. What is the units digit of r?
6
Let f(y) be the second derivative of -47*y**4/8 - 3*y**2 + 22*y. Let i(x) be the first derivative of f(x). What is the units digit of i(-1)?
1
Let p = 58 + -64. What is the hundreds digit of (14 + -20)*4/p - -390?
3
What is the ten thousands digit of ((-500)/(-16))/(280/325024)?
3
Let r(q) = 6*q**2 - 36*q - 250. What is the hundreds digit of r(-18)?
3
Suppose -h = -4*c + 28513, -c + 2*h + 7131 = -h. What is the tens digit of c?
2
What is the hundreds digit of ((-195)/(-91))/(-15) + (-26993)/(-7)?
8
Let r(j) = -43154*j**3 - 3*j**2 + 25*j + 26. What is the units digit of r(-1)?
2
Suppose -h - 15375 = -5*f, 2*f - 4*f + 6150 = 2*h. What is the tens digit of f?
7
Suppose 0 = 3568*a - 3576*a + 200432. What is the hundreds digit of a?
0
Suppose 108*o - 96*o = -3312. What is the units digit of -12 + 9 - (4 + o)?
9
Suppose 3*c = 5*c - 2*o - 22574, -4*c = -7*o - 45157. What is the hundreds digit of c?
2
Let i be 90/(-792)*-11 - 22/(-8). Suppose -m - 3*a + 56 = -4*a, -m + 51 = 4*a. Suppose -n + m = i*n. What is the tens digit of n?
1
Suppose 112 = 3*j - 200. Suppose 0 = -g + j + 185. What is the hundreds digit of g?
2
Let h be 4/8*(9 - 12/4). Suppose 2*k + 0*f - 657 = -h*f, -2*k = f - 651. What is the units digit of k?
4
Let c(i) = 1981*i - 130. Let m be c(9). Suppose -11*y - 5159 = -m. What is the units digit of y?
0
Let l be (-4112)/(-3) - (176/(-24) - -8). Let i = l + -871. What is the units digit of i?
9
Let b(c) = -122*c - 73. Let d be b(-5). Let x = 852 - d. What is the tens digit of x?
1
Let r be (-2 - -2247)/(4/12*3). Suppose r = 7*x + 320. What is the hundreds digit of x?
2
Suppose 0 = -7*b - 35*b + 10*b + 105440. What is the units digit of b?
5
Let h be (289/34)/((-1075)/538 - -2). Let j = -3215 + h. What is the thousands digit of j?
1
Let c(b) = -b**3 + 16*b**2 + 7*b - 19. Suppose 0 = 3*j - s - 43, -15 - 45 = -5*j + 4*s. What is the tens digit of c(j)?
9
Let h(r) = 65*r**3 - 2*r**2 + 6*r - 3. Suppose -18 = f + 5*u, 2*f - 3*u - 17 + 1 = 0. What is the units digit of h(f)?
1
Suppose -11*c = -8*c - 9. Let w(q) = 3*q + q**c + 5*q - 9*q. What is the tens digit of w(4)?
6
Suppose 5*g - 3*x - 8340 = -0*x, -4*x = 0. Suppose 4*o + 3312 = 4*h, -2*h + 6*o + g = 10*o. What is the units digit of h?
0
Suppose 51 = 9*h + 6. Let g(m) = 41*m**2 - 8*m**2 + m + 2*m - h. What is the hundreds digit of g(2)?
1
Let c(i) = -i**2 + i + 2. Let g be c(-1). Suppose -n = g, 5*n = -p - 2*p + 471. Suppose 4*t + 198 + p = 3*v, 5*t = -v + 150. What is the units digit of v?
5
Suppose -7 = -10*z - 7. Suppose -16*n + z*n - 464 = 0. What is the units digit of (4 - 4) + (-4)/2 - n?
7
Let s(w) = 3*w - 15. Let i be s(0). Let d be ((-142)/3)/((i/(-9))/5). Let q = d - -371. What is the tens digit of q?
2
Suppose 3*j + 2*p - 4685 = 0, 131*p - 1590 = -j + 136*p. What is the hundreds digit of j?
5
Let o = 10209 + -4071. What is the units digit of o?
8
What is the units digit of (-11)/(-44)*-141310*(-12)/6?
5
Suppose -4*s + 2*j = 6756, -11*j = -5*s - 7*j - 8442. Let y = s + 2914. What is the hundreds digit of y?
2
What is the thousands digit of 6/(-9)*(-1692702)/44?
5
Let d = -691 - -1239. Suppose 0 = -4*s + 4*m + d, 6*s - 4*s = 3*m + 273. Suppose -2*n + 4 = 0, -5*y + 348 - s = 5*n. What is the tens digit of y?
4
Suppose 13*y + 389 = -560. Let i = 21 - y. What is the tens digit of i?
9
Suppose 0 = -2*t + 4*v + 13156, -v + 0*v = 3*t - 19762. What is the units digit of t?
6
Suppose -2*r = 5*w - 19, -3*r - 14 = -5*w - 5. What is the units digit of (w - 1)/((-298)/100 - -3)?
0
Let j(s) = 3 + 2*s**3 - s**3 - s**2 + 0*s - 5*s + 4*s. Let o be j(0). Suppose -v = o*y - 77, -v + 89 = 2*y - 3*y. What is the tens digit of v?
8
Suppose 19*r - 324037 = -25091. What is the hundreds digit of r?
7
Suppose -27308 = -25*o + 26317. Suppose -2*b + 3*j + 1492 = 0, 5*b - o = -4*j + 1585. What is the hundreds digit of b?
7
Let p(q) = 706*q - 1361. What is the tens digit of p(12)?
1
Let u be (-469 - 21) + (-3 - 0). Let z = u + 655. What is the units digit of z?
2
Suppose 2*n + 6*n - 4360 = 0. Let r = 714 - n. What is the tens digit of r?
6
Suppose 5*i + 4*r + 291 = 0, -2*i + 2 - 115 = 5*r. What is the units digit of 14*i/(-2)*1?
3
Let g(y) = -2*y + 143. Suppose 5*n + 4*w + 85 = 0, -9*n + 4*n + 3*w = 120. What is the tens digit of g(n)?
8
Suppose 0 = 4*c - 16 + 8. Suppose -c*w = -5*w - 252. What is the tens digit of (28/(-3))/(8/w)?
9
Let d = -34 + 34. Let v be (-33)/(1053/360 + (d - 3)). Let b = v - 164. What is the units digit of b?
6
Let n(i) be the second derivative of 1091*i**4/12 - 3*i**3/2 - 4*i**2 - i - 75. What is the thousands digit of n(-1)?
1
Let k be 1 + 7 - (2097 + 1). Let t = -1339 - k. What is the hundreds digit of t?
7
Suppose -318*f + 283*f + 1410360 = 0. What is the units digit of f?
6
What is the thousands digit of ((-1)/3)/((-16)/74352)?
1
Let q(x) = -2*x**2 - x**2 + 140*x**3 + 4*x**3 + x + 2098 - 2095. What is the thousands digit of q(2)?
1
Suppose -5*d = -4*l - d - 156, 3*l - d = -109. Let m = 74 - l. What is the units digit of m?
9
Suppose 0 = 2*l + 8*l - 4*l. Suppose -7*f + 10*f + 2*c - 1894 = l, -643 = -f - 3*c. What is the hundreds digit of f?
6
Let g = -240 - -69. Let r(s) = 2*s**3 - 24*s**2 - 3*s + 27. Let z be r(13). Let l = z + g. What is the hundreds digit of l?
1
Let i = -81 - -77. What is the hundreds digit of (i - (-2037)/(-15))*-5?
6
Let f(x) = -35*x**3 + 7*x**2 - 7*x + 14. What is the units digit of f(-6)?
8
Suppose 21 = -7*d + 14. What is the units digit of (1/1)/((10/(-1840))/d)?
4
Suppose -11392 = -4*r + 4*q, -4*r = -3*q + 6*q - 11364. What is the hundreds digit of r?
8
What is the units digit of (21/2)/(27276/(-9096) + 3)?
9
Suppose -24 = h - 5*f - 9, 2*f = -2*h - 78. What is the hundreds digit of (-19700)/h - (-2)/14?
5
Suppose 5*n - 2*n - 19 = -2*o, 4*n = 4*o + 12. Let a(v) = 4*v - v + 2*v**2 - 5*v**o + v**3 - 6*v + 1. What is the units digit of a(5)?
6
Suppose 0 = -s + 7*s - 48. Let d(z) = z + 3. Let f be d(1). Suppose -s*